-3*o - b = -5*h - 58. Let d = o - 5. Calculate the remainder when d is divided by 4.
1
Let d(w) = -2*w**3 - 2*w - 3. Let g = -225 + 240. What is the remainder when d(-3) is divided by g?
12
Let i = 7 + 47. What is the remainder when i is divided by 23?
8
Suppose 14*f - 81 = 11*f. Calculate the remainder when 107 is divided by f.
26
Suppose -3*x + 33 = -5*y, 2*x - 3 = -x. Suppose -4*n = -d + 8, 4*d + 5*n - 58 = d. Calculate the remainder when d is divided by 2/y + 28/3.
7
Suppose 20*l + 900 = 25*l. What is the remainder when l is divided by 46?
42
Suppose n - 49 = -4*m, 4*m - 48 = m - 3*n. Calculate the remainder when 141 is divided by m.
9
Suppose 0 = -3*j - 9, j - 2 = -3*n + 319. What is the remainder when n is divided by 22?
20
Let a be (-3)/(3/(-47)) + 2. Suppose 0 = -5*i + a + 51. What is the remainder when (-1 - -2) + 114/2 is divided by i?
18
Let p(g) = 3*g**2 - 3*g + 3. What is the remainder when (19 + 1)/(1/2) is divided by p(3)?
19
Suppose 132 = 5*x - 3*w, -x + 2*w - w + 28 = 0. Suppose -70 = 4*l + 182. Calculate the remainder when x is divided by (-8)/(-20) + l/(-5).
11
Let r be 4/(-6) - (-87)/9. Suppose -r*j + 28 = -8*j. Calculate the remainder when j is divided by 10.
8
Calculate the remainder when -2*15/10 - -78 is divided by 21.
12
Suppose -7*d = -2*d - 30. What is the remainder when 15 is divided by d?
3
Let n = 7 - 2. Let r(c) = -c + 19. Calculate the remainder when r(0) is divided by n.
4
Suppose -5 = 3*r + l - 3*l, -5*r + 3*l = 7. Let w be r - (-11 + 3 + -3). Suppose -s = -w - 0. What is the remainder when 22 is divided by s?
10
Let b(g) = -2*g**2 + 3*g - 1. Let c be b(2). Let d be c/2*(-12)/9. Let t = 3 - d. Calculate the remainder when 1 is divided by t.
0
Let n(l) = l**3 - 6*l**2 + l - 3. Let w be n(6). Suppose w*y = 37 - 16. Let v(s) = 7*s**2 - s + 1. Calculate the remainder when v(2) is divided by y.
6
Let q = -11 - -25. Let g(l) = l. Let i be 2/3 - (-130)/30. What is the remainder when q is divided by g(i)?
4
Let j = -19 + 83. What is the remainder when j is divided by (-6)/10 + (-58)/(-5)?
9
Let h = 5 - 2. Suppose -2*c = 2*w - 7*c - 34, 0 = -3*w + h*c + 42. Let g(j) = -j**2 - 12*j + 11. What is the remainder when g(-11) is divided by w?
10
Let o(y) = -14*y - 31. Calculate the remainder when o(-11) is divided by 43.
37
Suppose -4 = f - 22. Let q = 36 - f. What is the remainder when q is divided by 7?
4
Calculate the remainder when 62 is divided by (3 - (1 + 13))*-1.
7
Suppose x = 4*g - 59, 4*g - 5*x + 35 = 6*g. What is the remainder when 29 is divided by g?
14
Suppose -5*k = -5*j - 19 - 46, -12 = -k + 2*j. Suppose -3*z + 4 + 8 = 0. Calculate the remainder when k is divided by z.
2
Let r be (-38)/(-6) + (-4)/12. Let k(i) = i - 1. Suppose -3*u = -0*u - 21. What is the remainder when u is divided by k(r)?
2
Suppose 0 = -3*k - 15, k + 2*k - 21 = -4*b. What is the remainder when 143 is divided by b?
8
Let w(f) = -5*f**3 + 2*f**2 - 2*f - 4. What is the remainder when w(-2) is divided by 13?
9
Suppose o + 0*o - 29 = -3*w, 9 = -2*w + 5*o. Calculate the remainder when 13 is divided by w.
5
Suppose -2*n + 52 = -92. What is the remainder when n is divided by 25?
22
Suppose 5*h + 55 - 170 = 0. What is the remainder when 91 is divided by h?
22
Let d(r) = r**3 - 9*r**2 - 16*r + 11. Let s be (-126)/(-12) - 3/(-6). Calculate the remainder when d(s) is divided by 16.
13
Suppose 0 = -3*l - l + 312. Calculate the remainder when l is divided by 22.
12
Suppose 28 = 3*c - 4*m, 0*c = -3*c - m + 8. Calculate the remainder when 10 is divided by c.
2
Let x(o) = 6*o - 7 - 1 + o. Let l(h) = -6*h + 7. Let m(n) = -4*l(n) - 3*x(n). What is the remainder when 14 is divided by m(4)?
6
Let g(o) = -2*o**3 - o**2 - 2*o - 1. Let b be g(-1). Suppose -b*k + 85 = 3*k. What is the remainder when k is divided by 10?
7
Suppose 3*l = 3, 5*l = -2*i - 0*i + 5. Let b be ((-6)/8)/(1/(-4)). Suppose i*w - b*w + 24 = 0. What is the remainder when 22 is divided by w?
6
Suppose -190 = -5*r + 45. Let y = r + -68. Let g = 36 + y. What is the remainder when 29 is divided by g?
14
Let y(z) = -9*z**3 - 23*z**2 + z + 9. Let p(x) = -4*x**3 - 11*x**2 + 4. Let c(f) = 7*p(f) - 3*y(f). Calculate the remainder when c(-8) is divided by 13.
12
Suppose -4 = -3*x + 4*j, -4*x - 2*j + 6 + 36 = 0. Calculate the remainder when x is divided by 3.
2
Suppose -2*d - 2*d + 28 = 0. What is the remainder when ((-19)/2 + 2)*496/(-186) is divided by d?
6
Let d(k) = k**2 - 9*k + 8. Let n be d(8). Let u(o) = -o**3 - o**2 + 5. Suppose -5*t + 4*t + 9 = 0. Calculate the remainder when t is divided by u(n).
4
Let q = -27 - -49. Let c(t) = t + 2. Let a be c(0). What is the remainder when q is divided by (-15)/a*(-24)/15?
10
Calculate the remainder when 27 is divided by 2/(-14) + 198/14.
13
Let a(l) = 57*l**2 - l. Suppose 0 = -3*w + k - 6, -12 = -3*w - 2*k - 3*k. Calculate the remainder when a(w) is divided by 15.
13
Suppose 0 = 4*m - j - j - 44, m - 14 = 2*j. What is the remainder when m is divided by 6?
4
Let y = 176 - 111. Calculate the remainder when y is divided by 17.
14
Suppose -6*m + 3*m = -15. What is the remainder when 29 is divided by m?
4
Let v be (-1)/(-2 + (-22)/(-10)). What is the remainder when (-291)/v - 8/40 is divided by (2 - -1)/((-21)/(-140))?
18
Let k be ((-12)/16)/((-3)/(-12)). Let t = 8 - k. Suppose -q = -2*l + 15, 4*q - 1 - 11 = -4*l. What is the remainder when t is divided by l?
5
Suppose h + 40 = 5*h. Calculate the remainder when 38 is divided by h.
8
Suppose 0 = -3*u + 5*h - 26, -3*u - 26 = -u + h. Calculate the remainder when 8 is divided by u/54 - 29/(-9).
2
Let n = -8 + 32. What is the remainder when n is divided by 13?
11
Suppose 0 = 4*c - 52 - 192. Let t(i) = i**2 - 6*i - 6. Calculate the remainder when c is divided by t(9).
19
What is the remainder when 53 is divided by -2 - (-19 + (1 - 2))?
17
Let w(u) = 4*u - u + 3 + 8*u. Let h(s) = -12*s - 4. Let v(b) = -5*h(b) - 6*w(b). What is the remainder when v(-4) is divided by 14?
12
Let n(s) = -s**3 - s + 27. Calculate the remainder when 133 is divided by n(0).
25
Let s(f) = -3*f - f**3 + 7*f - 5*f + 5 - 11*f**2. What is the remainder when 45 is divided by s(-11)?
13
What is the remainder when ((-6)/(-2) - -70)/1 is divided by 25?
23
Suppose r = -r + 44. Let a = r - 3. Calculate the remainder when 36 is divided by a.
17
Suppose 0 = 5*j - m - 1 - 28, -j + 13 = -2*m. What is the remainder when 19 is divided by j?
4
Suppose -5*l - 7 = -327. Suppose -c - 4 = 0, l = 3*s + s - 5*c. What is the remainder when 31 is divided by s?
9
What is the remainder when 2 is divided by (7 + (-119)/14)/(6/(-8))?
0
Suppose 18 = f - 2*o + 6*o, 0 = -2*f + 3*o + 14. Let s be (-2)/10 - (-252)/f. Suppose 0*w = 5*w - s. What is the remainder when w is divided by 2?
1
Calculate the remainder when 2/2*25 - 4 is divided by 6.
3
Suppose -4*s + 17 = o, 8*o - 16 = -3*s + 4*o. Let d = -2 + s. Suppose -x - 11 = -3*v + 7*v, 0 = 2*x + d*v - 2. What is the remainder when 13 is divided by x?
3
Suppose -5*w = -o + 8 - 37, -5*w - 2*o + 17 = 0. Suppose 7*m - 2*m = -3*k + 171, -m = w*k - 263. Calculate the remainder when k is divided by 27.
25
Let p(a) = 4*a**2 + 2*a. Calculate the remainder when p(2) is divided by 7.
6
Let l = -94 + 118. What is the remainder when l is divided by 8?
0
Suppose -4*f = -0*f - 168. Calculate the remainder when 164 is divided by f.
38
Let x be (4/6)/((-2)/(-3)). Let o be 3*x*(0 - -2). Suppose o + 15 = a. Calculate the remainder when a is divided by 11.
10
Suppose -3*f = -12, 4*b - 5*f = -19 - 1. Suppose -3 = -2*m - 4*z + 13, b = m + 5*z + 4. What is the remainder when 31 is divided by m?
15
Calculate the remainder when 33 is divided by (-10)/(-20)*(-68)/(-2).
16
Let i(h) = -h - 3. What is the remainder when i(-10) is divided by 2?
1
Let j(u) = 2*u - 9. Let y be j(6). Suppose -3*o - y = -9. Let a = 0 + 5. What is the remainder when a is divided by o?
1
Let o be (12/2 - 1) + 0. Suppose -2*h + 30 = u + 4*u, -37 = -o*h - 3*u. Suppose 66 + 49 = h*s. What is the remainder when 68 is divided by s?
22
Let q = 15 + -4. Let u be -1*9*(-6)/(-18). Let z(y) = -4*y - 5. What is the remainder when q is divided by z(u)?
4
Suppose c + 21 = 6*c + a, -c - 5*a = 15. Suppose t + f = 5*t - 20, -c*t = 5*f - 25. What is the remainder when t is divided by (-6)/3 +